4. Let l(f) = 4*g(f) + 3*w(f). Let v be l(1). Let d(n) = -n - 4. List the prime factors of d(v).
2
Suppose 5*r - 5*p = 20, -5*r + 12 = -r - 2*p. Suppose 76 = 4*f - r*f. List the prime factors of f.
2, 19
Let f(i) = 3*i**2 - 4*i - 1. Let p(v) = -v**2 + 3*v. Let k be p(2). Suppose -3*s + k = -s - 4*u, 2*s - 2*u - 4 = 0. What are the prime factors of f(s)?
2, 7
Suppose 14 = 5*z - j, -4 = -2*z - 3*j + 5. What are the prime factors of (-4)/(-2)*(z + 2)?
2, 5
Suppose 0 = -3*k + 7*k - 12. Suppose 0 = t - 2*q - 14, -k*t + 3*q - 23 = -7*t. List the prime factors of t.
2
List the prime factors of -2 + ((-216)/(-28))/((-3)/(-21)).
2, 13
Let j(a) = a**2 - 6*a + 4. Let b be j(6). Suppose 3*k + 2*g + 4 = b*k, -2*k = -5*g - 9. List the prime factors of 4/k + 2 + 2.
2, 3
Let v(p) = -p**2 + 9*p - 3. Let f be v(7). Let s(g) = -g**3 + 12*g**2 - 11*g + 13. List the prime factors of s(f).
13
Suppose 0 = -3*z - 0*z + 87. Suppose -11 = 2*o - 4*l + 9, 5*l - 25 = 2*o. Suppose 3*c = 7*f - 2*f - 11, o = 3*c + 5*f - z. List the prime factors of c.
3
Suppose -6 = 3*c - 6*c. What are the prime factors of c/(-9)*-6*15?
2, 5
Let o = 7 + -5. Let g = o + 17. List the prime factors of g.
19
What are the prime factors of (-5 - (-32)/4) + (-164)/(-1)?
167
Let q(w) = -3*w**2 - w + 4. Let u be q(4). Let y be (-1 - 4)*10/25. List the prime factors of (u/20)/(y/10).
2, 3
Let t(v) = -4*v - 5. Let a be t(-2). Suppose 0*l - b = -4*l + 32, 2*l = a*b + 26. What are the prime factors of l?
7
Let z = 65 + -30. What are the prime factors of z?
5, 7
List the prime factors of (-2665)/(-91) - 4/14.
29
Suppose -2*k = 5*n - 24, -n + 3*k + 3 = -2*n. List the prime factors of n.
2, 3
Let c(o) be the third derivative of -o**5/60 - 3*o**4/8 - o**3 + o**2. Let a(r) = r**2 - 8*r - 7. Let f be a(8). What are the prime factors of c(f)?
2
Suppose 4*b + b - 193 = 4*r, 70 = 2*b - 4*r. List the prime factors of b.
41
Let z(v) = 2*v**2 - 1. Let m be ((-4)/(-18))/((-2)/(-18)). List the prime factors of z(m).
7
Let s(n) = -n - n + 2 - 3 + 23*n**2. List the prime factors of s(-1).
2, 3
Let y(c) = -99*c - 2. List the prime factors of y(-1).
97
Suppose 0 = -4*m + 10*m - 498. List the prime factors of m.
83
List the prime factors of (-386)/(-1)*(18/(-12) - -2).
193
Let d = 4 + 1. Suppose 13 = 3*x - d. List the prime factors of x.
2, 3
Suppose 4*f - 14 + 0 = -2*q, 0 = f - 2*q - 16. List the prime factors of f.
2, 3
Let g = -7 - -13. Suppose 2*s = g + 26. Suppose 0*q + s = z + 3*q, -q - 18 = -2*z. What are the prime factors of z?
2, 5
Suppose 6 = 3*k - k. Suppose 2*t = -10, -k*b = 3*t - 2*t - 1. Suppose -4 = -2*x, b*i - 2*x = -5*x + 12. What are the prime factors of i?
3
Let t(i) be the first derivative of -i**3/3 - 11*i**2/2 - i - 9. What are the prime factors of t(-10)?
3
Let f(k) = k**3 + 11*k**2 + 8*k - 5. List the prime factors of f(-5).
3, 5, 7
Let u(l) = l**3 + 4*l**2 - 7*l - 6. Let y be u(-5). Suppose 4*z - 6*z = 0. Suppose -a + 1 + y = z. List the prime factors of a.
5
Let b(p) = -3*p + 4*p**3 + 4*p**3 - 4 - 3*p**3 - 4*p**3. What are the prime factors of b(3)?
2, 7
Suppose 5*l = -4*j + 35 + 90, l + 38 = j. List the prime factors of j.
5, 7
Suppose 3*t = -126 + 27. Let g = -12 - t. List the prime factors of g.
3, 7
Suppose f = 2 - 0. Suppose -2*g - 3*m - 1 = -0*g, f*m + 4 = 2*g. What are the prime factors of 7 + (2 - 2/g)?
7
Let u = 15 - 16. List the prime factors of 15/9*(-12)/u.
2, 5
Let w(y) = -2*y + 1. Let s be (2/(-3))/((-4)/(-30)). Let v be w(s). What are the prime factors of (v/(-2))/((-9)/36)?
2, 11
Suppose 173 - 533 = 5*v. List the prime factors of (9 + -8)*v/(-2).
2, 3
Suppose 2*w - w = 5. What are the prime factors of w?
5
Suppose -25 = -5*g - 10. What are the prime factors of 2/(-2) + 15 - g?
11
Let y(q) = q**2 - 2*q - 1. Suppose 5 = -4*p + 17. Let c be y(p). Suppose 2*d - 29 = 5*k, -d - c*d = -3*k - 39. What are the prime factors of d?
2, 3
Let i = -1 - -11. Suppose -8*g - y = -3*g - 85, -2*y - i = 0. Suppose -2*q + g = 5*a + 6, -4*q + 6 = a. What are the prime factors of a?
2
Suppose 3*l + 6 = 2*q, q - 3*l = -l + 4. Let h be 2/(6/117) - -1. Suppose 2*b + 2*b - 2*u - h = 0, 2*b + 2*u - 20 = q. List the prime factors of b.
2, 5
Let w be 48/5*10/2. Suppose -5*j + w = -j. What are the prime factors of j?
2, 3
Let c(f) = f**2 + f + 8. Let o = 2 - 2. What are the prime factors of c(o)?
2
Suppose -15 = 5*p - 6*h + 2*h, -3*h = -15. List the prime factors of 3 - (-20 - (p - 0)).
2, 3
Suppose -5*r - 28 = 2*d, -7*r - 32 = -2*r - 2*d. Let s be (-4)/r + 6/(-9). Suppose s*t = t - 5. List the prime factors of t.
5
Let q(g) = -g**2 - 4*g - 1. Let h be q(-3). Let j = 5 + h. List the prime factors of j.
7
Let v(z) = -z**2 - 10*z - 1. Let q be v(-6). Let o = q + -7. What are the prime factors of o?
2
Suppose -5*c = -0*c + j - 289, 0 = 5*c + 2*j - 293. What are the prime factors of c?
3, 19
Let u(q) = -q**3 + 7*q**2 + q - 4. Let t(k) = k**2 + 6*k - 9. Let c be t(-8). Let h be u(c). Suppose -1 - 29 = -h*j. What are the prime factors of j?
2, 5
Suppose -r = b + 4*r - 59, r = -b + 71. Let y = -36 + b. List the prime factors of y*((-3)/2 - -2).
19
Let f be (-92)/(-5) + 2/(-5). What are the prime factors of 104/f - 2/(-9)?
2, 3
Let b be 1124/20 - (-4)/(-20). Suppose b = 5*t - 14. What are the prime factors of t?
2, 7
Let m = 1 + -1. Suppose n + 4*r = -8, 2*n + r + 44 = -m*r. Let c = -15 - n. What are the prime factors of c?
3
Let l(j) = -20*j**2 + j. Let h be l(2). What are the prime factors of 3*h/(-9) + 0?
2, 13
Let q(v) = v**3 - 4*v**2 - 6*v - 11. What are the prime factors of q(6)?
5
Suppose -3*l = -4*k + 182, 5*k = 4*l + 87 + 140. What are the prime factors of k?
47
Let d = 1 - -3. Let c be (6/d)/((-3)/(-6)). Suppose -c*v = -30 - 15. What are the prime factors of v?
3, 5
Let s = 33 + -19. Suppose 2*k = -4*h - s, 2*k + 0*k = -5*h - 19. Let z(v) = v**3 - 2*v**2 - 2*v + 1. What are the prime factors of z(k)?
2
Let v(h) = -h**2 + 16*h + 21. What are the prime factors of v(12)?
3, 23
Let t(d) = d**3 - 2*d**2 - 3*d + 4. Let l be t(3). Suppose 4*m - 3*m = l. Suppose -m*j + 2*j = -24. What are the prime factors of j?
2, 3
Let g(n) = -n**2 + 9*n - 5. Let w be g(8). Suppose -184 + 55 = -w*a. List the prime factors of a.
43
Suppose -3 = 3*f - 6. Suppose -f - 2 = 3*k. What are the prime factors of -1 + (2 + k)*13?
2, 3
Let o = -69 - -75. Let d(t) = 4*t - 18. Let n(l) = 6*l - 27. Let f(q) = -7*d(q) + 5*n(q). List the prime factors of f(o).
3
Suppose -4*v = 2*d + 16, d - 6*v + 2*v = 10. Let o be (4 + d)/(1/14). Suppose o = -0*f + 4*f. List the prime factors of f.
7
Suppose 47*x = 49*x - 50. What are the prime factors of x?
5
Suppose 0 = 5*h - 3*o, 0 = -2*h + 3*o - 4 - 5. Suppose -p + h*p - 70 = 0. List the prime factors of p.
5, 7
Let f(m) be the first derivative of 2*m**3/3 + 4*m**2 + 7*m - 9. List the prime factors of f(-5).
17
Let t = 27 + -25. Suppose l = -3*c + 55 - 8, 0 = t*l + 4*c - 86. List the prime factors of l.
5, 7
Let u(b) = b**2 - 7*b - 6. List the prime factors of u(16).
2, 3, 23
Let k = 59 + -33. List the prime factors of k.
2, 13
Suppose -t = -3*s - s - 2, 3*t + 12 = 3*s. Suppose -5*a + 48 = 133. Let h = t - a. What are the prime factors of h?
11
Let d = 7 + -3. Suppose 0 = d*i + 3*s + 9, -6*s + 2*s = i - 1. List the prime factors of 14/i*(-12)/4.
2, 7
Let u(i) = 6*i. Let r be u(4). List the prime factors of 4/((-4)/r*-1).
2, 3
Suppose -2*u + 242 = -178. What are the prime factors of u?
2, 3, 5, 7
Let s(l) be the third derivative of -l**4/12 - l**2. Let q(a) = -3*a + 1. Let b(x) = 3*q(x) - 5*s(x). What are the prime factors of b(0)?
3
Suppose -2*u + 6 - 2 = 0. Suppose 0 = 4*x - 2*x + u. What are the prime factors of 1*5/((-1)/x)?
5
Let b = -137 - -357. What are the prime factors of b?
2, 5, 11
Let o = 1 + 1. Suppose k - 8*n = -4*n - 18, -5*k - 2*n - o = 0. Let g = 1 - k. What are the prime factors of g?
3
Suppose 0 = -2*a - 38 + 238. What are the prime factors of a?
2, 5
Let f(y) = y**2 - y - 2. Let a be f(3). Let v(b) = b**3 - 4*b**2 + 5*b + 4. What are the prime factors of v(a)?
2, 3
Suppose 85 = 5*t - 5*q, q = -2*t + 5*t - 45. List the prime factors of t.
2, 7
Let k(y) = y**3 + 17*y**2 + 12*y - 12. What are the prime factors of k(-16)?
2, 13
Suppose -4*j + 113 = x, -3*j = 2*j - 5*x - 110. Let b = 5 + j. 